or of 717 and 57?
3
What is the greatest common factor of 483 and 2622?
69
Calculate the greatest common factor of 8227 and 38.
19
Calculate the highest common divisor of 66 and 6567.
33
What is the highest common factor of 3 and 32?
1
Calculate the highest common factor of 4 and 196.
4
Calculate the highest common divisor of 2501 and 488.
61
Calculate the greatest common divisor of 1284 and 535.
107
What is the highest common factor of 1015 and 1085?
35
Calculate the greatest common divisor of 51 and 16.
1
What is the highest common factor of 243 and 549?
9
Calculate the greatest common divisor of 23 and 18193.
23
Calculate the highest common divisor of 469 and 49.
7
What is the greatest common factor of 1149 and 6?
3
Calculate the highest common divisor of 1125 and 75.
75
What is the greatest common factor of 322 and 184?
46
What is the highest common factor of 12 and 156?
12
Calculate the highest common divisor of 112 and 1582.
14
Calculate the highest common divisor of 724 and 24.
4
Calculate the greatest common divisor of 12 and 222.
6
Calculate the highest common factor of 125 and 25.
25
What is the highest common factor of 90 and 1270?
10
Calculate the highest common factor of 605 and 15.
5
Calculate the greatest common divisor of 112 and 56.
56
Calculate the greatest common divisor of 51 and 663.
51
Calculate the highest common divisor of 74 and 1258.
74
What is the greatest common divisor of 315 and 225?
45
What is the greatest common divisor of 8 and 2880?
8
Calculate the greatest common factor of 35 and 175.
35
Calculate the highest common divisor of 132 and 4004.
44
Calculate the highest common divisor of 88 and 55.
11
Calculate the greatest common factor of 1859 and 55.
11
What is the greatest common factor of 20 and 140?
20
Calculate the highest common divisor of 690 and 552.
138
Calculate the highest common factor of 15 and 5.
5
What is the greatest common divisor of 654 and 6322?
218
What is the highest common factor of 980 and 5635?
245
What is the highest common divisor of 168 and 7098?
42
Calculate the highest common divisor of 407 and 11.
11
Calculate the highest common divisor of 15 and 120.
15
Calculate the highest common divisor of 2183 and 74.
37
What is the greatest common factor of 71 and 284?
71
What is the highest common factor of 196 and 28?
28
Calculate the highest common factor of 42 and 90.
6
Calculate the highest common factor of 34 and 2261.
17
What is the greatest common factor of 430 and 4085?
215
Calculate the highest common factor of 4611 and 159.
159
Calculate the greatest common factor of 462 and 12.
6
What is the highest common factor of 4 and 34?
2
Calculate the highest common divisor of 22 and 154.
22
What is the highest common factor of 175 and 24325?
175
Calculate the greatest common divisor of 56933 and 197.
197
Calculate the highest common factor of 459 and 51.
51
What is the greatest common factor of 6 and 24?
6
Calculate the greatest common factor of 110 and 55.
55
What is the greatest common factor of 26 and 234?
26
What is the highest common factor of 3 and 93?
3
What is the highest common divisor of 2576 and 336?
112
What is the highest common divisor of 2916 and 108?
108
Calculate the highest common divisor of 20 and 1985.
5
What is the greatest common factor of 15 and 40?
5
Calculate the greatest common divisor of 78 and 2886.
78
Calculate the greatest common factor of 5268 and 12.
12
Calculate the greatest common divisor of 10 and 395.
5
What is the greatest common factor of 1961 and 74?
37
Calculate the highest common divisor of 90 and 834.
6
Calculate the greatest common factor of 11 and 56232.
11
Calculate the greatest common divisor of 88 and 66.
22
What is the greatest common factor of 14805 and 420?
105
What is the greatest common factor of 595 and 35?
35
What is the highest common factor of 17603 and 29?
29
What is the highest common divisor of 50 and 30?
10
What is the highest common divisor of 1127 and 49?
49
Calculate the greatest common divisor of 45 and 75.
15
Calculate the greatest common divisor of 693 and 330.
33
Calculate the greatest common factor of 4579 and 19.
19
Calculate the highest common factor of 123 and 82.
41
Calculate the greatest common factor of 288 and 36.
36
What is the greatest common factor of 645 and 40?
5
What is the highest common factor of 62 and 713?
31
What is the greatest common divisor of 25927 and 11?
11
What is the greatest common factor of 25 and 7200?
25
Calculate the greatest common divisor of 216 and 64.
8
Calculate the highest common factor of 1209 and 39.
39
Calculate the highest common factor of 176 and 3223.
11
Calculate the greatest common divisor of 14 and 24.
2
What is the greatest common divisor of 119 and 2975?
119
Calculate the greatest common divisor of 231 and 4032.
21
Calculate the greatest common factor of 76 and 209.
19
What is the highest common factor of 8 and 17944?
8
Calculate the greatest common factor of 3411 and 117.
9
What is the greatest common divisor of 28 and 3164?
28
What is the greatest common divisor of 72 and 3576?
24
Calculate the highest common factor of 140 and 175.
35
Calculate the highest common divisor of 1683 and 9.
9
What is the highest common factor of 2136 and 24?
24
Calculate the highest common factor of 2928 and 96.
48
Calculate the greatest common divisor of 32 and 456.
8
What is the greatest common divisor of 25 and 650?
25
Calculate the highest common divisor of 272 and 136.
136
What is the highest common divisor of 209 and 76?
19
Calculate the highest common divisor of 76 and 2318.
38
Calculate the greatest common divisor of 16 and 1576.
8
What is the highest common divisor of 299 and 4117?
23
Calculate the greatest common divisor of 56 and 7.
7
What is the greatest common divisor of 24002 and 44?
22
What is the highest common factor of 20 and 1220?
20
Calculate the highest common divisor of 6314 and 22.
22
What is the greatest common factor of 15 and 4645?
5
Calculate the highest common divisor of 248 and 310.
62
What is the greatest common divisor of 477 and 72?
9
Calculate the greatest common factor of 40 and 800.
40
What is the highest common divisor of 1675 and 50?
25
Calculate the greatest common factor of 10 and 1790.
10
What is the highest common divisor of 60 and 345?
15
What is the highest common divisor of 224 and 128?
32
What is the greatest common factor of 324 and 12?
12
What is the greatest common factor of 5 and 1205?
5
Calculate the greatest common divisor of 5 and 18490.
5
Calculate the greatest common divisor of 10648 and 220.
44
What is the greatest common divisor of 64 and 48?
16
Calculate the greatest common divisor of 42 and 21.
21
What is the highest common factor of 1068 and 24?
12
What is the highest common divisor of 58 and 6206?
58
Calculate the highest common divisor of 1188 and 121.
11
What is the greatest common factor of 156 and 195?
39
Calculate the greatest common factor of 5656 and 392.
56
What is the highest common factor of 189 and 126?
63
Calculate the highest common divisor of 15 and 85.
5
What is the greatest common factor of 342 and 152?
38
What is the greatest common divisor of 50 and 800?
50
Calculate the greatest common divisor of 25 and 55.
5
What is the greatest common factor of 88 and 184?
8
What is the highest common factor of 36 and 846?
18
Calculate the highest common factor of 180 and 270.
90
Calculate the highest common divisor of 135 and 45.
45
What is the greatest common factor of 13780 and 260?
260
Calculate the highest common divisor of 568 and 71.
71
What is the highest common divisor of 672 and 96?
96
What is the highest common divisor of 105 and 14?
7
Calculate the greatest common divisor of 43 and 2752.
43
Calculate the greatest common factor of 2635 and 68.
17
What is the highest common divisor of 3 and 23?
1
Calculate the greatest common divisor of 92 and 207.
23
What is the greatest common factor of 2637 and 81?
9
What is the highest common divisor of 4576 and 1430?
286
What is the greatest common divisor of 56 and 3584?
56
What is the highest common factor of 41987 and 694?
347
Calculate the highest common divisor of 2403 and 108.
27
What is the greatest common divisor of 70 and 448?
14
Calculate the highest common divisor of 18